What are the prime factors of 4039859?
83, 48673
List the prime factors of 466038.
2, 3, 17, 1523
List the prime factors of 1694645.
5, 17, 19937
List the prime factors of 1110695.
5, 17, 73, 179
List the prime factors of 500186.
2, 449, 557
What are the prime factors of 571366?
2, 23, 12421
What are the prime factors of 5679255?
3, 5, 67, 5651
List the prime factors of 17884014.
2, 3, 2980669
List the prime factors of 446633.
11, 19, 2137
What are the prime factors of 2777231?
2777231
What are the prime factors of 9084436?
2, 257, 8837
What are the prime factors of 799562?
2, 399781
What are the prime factors of 254397?
3, 11, 13, 593
What are the prime factors of 10299241?
41, 251201
What are the prime factors of 546807?
3, 113, 1613
List the prime factors of 64104.
2, 3, 2671
What are the prime factors of 248084?
2, 109, 569
What are the prime factors of 10858167?
3, 449, 2687
What are the prime factors of 133100?
2, 5, 11
What are the prime factors of 441110?
2, 5, 44111
List the prime factors of 18812670.
2, 3, 5, 627089
What are the prime factors of 4185157?
41, 102077
What are the prime factors of 2755710?
2, 3, 5, 67, 457
What are the prime factors of 2930247?
3, 29, 103, 109
List the prime factors of 2622711.
3, 7, 13, 739
List the prime factors of 1325297.
419, 3163
List the prime factors of 5488045.
5, 337, 3257
List the prime factors of 7555891.
7, 23, 71, 661
What are the prime factors of 1153158?
2, 3, 192193
What are the prime factors of 191313?
3, 29, 733
List the prime factors of 765656.
2, 95707
List the prime factors of 597028.
2, 149257
List the prime factors of 24334441.
1429, 17029
List the prime factors of 727954.
2, 363977
List the prime factors of 831178.
2, 73, 5693
List the prime factors of 343791.
3, 7, 17, 107
What are the prime factors of 1146344?
2, 17, 8429
List the prime factors of 1015293.
3, 338431
What are the prime factors of 485838?
2, 3, 2999
What are the prime factors of 404535?
3, 5, 149, 181
What are the prime factors of 231072?
2, 3, 29, 83
List the prime factors of 6513775.
5, 260551
List the prime factors of 1186390.
2, 5, 29, 4091
List the prime factors of 16086328.
2, 71, 127, 223
What are the prime factors of 522709?
11, 19, 41, 61
List the prime factors of 4208632.
2, 23, 89, 257
What are the prime factors of 1542232?
2, 263, 733
List the prime factors of 132379.
13, 17, 599
List the prime factors of 357167.
23, 53, 293
List the prime factors of 136826.
2, 37, 43
List the prime factors of 10057963.
383, 26261
What are the prime factors of 5721359?
7, 817337
What are the prime factors of 82115?
5, 11, 1493
List the prime factors of 19559428.
2, 7, 99793
List the prime factors of 1148469.
3, 7, 17, 3217
List the prime factors of 10074437.
23, 647, 677
What are the prime factors of 13517159?
17, 795127
What are the prime factors of 841262?
2, 17, 109, 227
What are the prime factors of 214403?
7, 109, 281
What are the prime factors of 26540616?
2, 3, 269, 4111
List the prime factors of 3239417.
3239417
What are the prime factors of 11521383?
3, 71, 54091
What are the prime factors of 1937404?
2, 7, 69193
What are the prime factors of 11955375?
3, 5, 10627
List the prime factors of 3794505.
3, 5, 11, 13, 29, 61
What are the prime factors of 3265979?
43, 151, 503
What are the prime factors of 66207?
3, 29, 761
List the prime factors of 9310105.
5, 7, 266003
What are the prime factors of 903033?
3, 269, 373
What are the prime factors of 565400?
2, 5, 11, 257
What are the prime factors of 4348771?
7, 23, 27011
List the prime factors of 5016321.
3, 557369
List the prime factors of 1195568.
2, 11, 6793
List the prime factors of 218882.
2, 109441
What are the prime factors of 14612140?
2, 5, 19, 38453
List the prime factors of 535569.
3, 167, 1069
What are the prime factors of 90666?
2, 3, 23, 73
List the prime factors of 155956.
2, 127, 307
What are the prime factors of 240660?
2, 3, 5, 7, 191
What are the prime factors of 18697997?
113, 165469
What are the prime factors of 51330?
2, 3, 5, 29, 59
What are the prime factors of 367282?
2, 409, 449
List the prime factors of 291904.
2, 4561
What are the prime factors of 779491?
29, 26879
What are the prime factors of 1420340?
2, 5, 47, 1511
List the prime factors of 1202790.
2, 3, 5, 40093
What are the prime factors of 3260954?
2, 47, 113, 307
What are the prime factors of 630633?
3, 31, 6781
What are the prime factors of 1255321?
1255321
What are the prime factors of 100334?
2, 13, 17, 227
List the prime factors of 170445.
3, 5, 11, 1033
What are the prime factors of 1347466?
2, 37, 131, 139
What are the prime factors of 3892241?
199, 19559
List the prime factors of 5551576.
2, 359, 1933
List the prime factors of 1772084.
2, 31, 461
What are the prime factors of 442049?
167, 2647
List the prime factors of 375526.
2, 187763
List the prime factors of 7849227.
3, 29, 83, 1087
List the prime factors of 856887.
3, 285629
What are the prime factors of 499946?
2, 249973
List the prime factors of 189237.
3, 63079
List the prime factors of 328790.
2, 5, 7, 11, 61
List the prime factors of 537034.
2, 268517
List the prime factors of 1488141.
3, 165349
List the prime factors of 21379008.
2, 3, 7, 15907
List the prime factors of 26750807.
26750807
What are the prime factors of 107718?
2, 3, 13, 1381
List the prime factors of 415775.
5, 16631
What are the prime factors of 125321?
7, 17903
What are the prime factors of 99555?
3, 5, 6637
List the prime factors of 1037042.
2, 518521
What are the prime factors of 27722175?
3, 5, 13, 28433
List the prime factors of 8995630.
2, 5, 7, 128509
List the prime factors of 1151776.
2, 35993
What are the prime factors of 337845?
3, 5, 101, 223
List the prime factors of 6945691.
107, 139, 467
What are the prime factors of 214195?
5, 42839
What are the prime factors of 1553810?
2, 5, 155381
What are the prime factors of 1584520?
2, 5, 7, 5659
List the prime factors of 8918983.
8918983
What are the prime factors of 5429801?
13, 19, 89
What are the prime factors of 4426110?
2, 3, 5, 13, 97
What are the prime factors of 1179975?
3, 5, 15733
List the prime factors of 1579010.
2, 5, 157901
List the prime factors of 10760228.
2, 23, 116959
What are the prime factors of 321964?
2, 80491
What are the prime factors of 155092?
2, 7, 29, 191
List the prime factors of 1505390.
2, 5, 29, 179
What are the prime factors of 3489221?
263, 13267
What are the prime factors of 2354227?
2354227
List the prime factors of 2048454.
2, 3, 317, 359
What are the prime factors of 855717?
3, 151, 1889
What are the prime factors of 206133?
3, 68711
List the prime factors of 92007.
3, 10223
What are the prime factors of 3437321?
3437321
List the prime factors of 582038.
2, 23, 12653
List the prime factors of 1953661.
947, 2063
List the prime factors of 814293.
3, 1117
List the prime factors of 2543288.
2, 11, 28901
What are the prime factors of 849649?
849649
What are the prime factors of 4659003?
3, 17, 37, 823
List the prime factors of 30169855.
5, 1979, 3049
What are the prime factors of 401700?
2, 3, 5, 13, 103
List the prime factors of 13693207.
11, 113167
List the prime factors of 5291101.
19, 278479
List the prime factors of 235290.
2, 3, 5, 11, 23, 31
What are the prime factors of 384271?
149, 2579
List the prime factors of 4308443.
29, 47, 109
List the prime factors of 173051.
131, 1321
List the prime factors of 523932.
2, 3, 43661
What are the prime factors of 3527737?
307, 11491
List the prime factors of 7278776.
2, 89, 10223
List the prime factors of 1286333.
67, 73, 263
What are the prime factors of 373500?
2, 3, 5, 83
List the prime factors of 1772237.
1772237
List the prime factors of 546063.
3, 7, 26003
List the prime factors of 725122.
2, 362561
What are the prime factors of 254765?
5, 7, 29, 251
List the prime factors of 248607.
3, 23, 1201
List the prime factors of 59021.
59021
What are the prime factors of 2220424?
2, 433, 641
List the prime factors of 117072.
2, 3, 271
What are the prime factors of 1455936?
2, 3, 7583
List the prime factors of 693735.
3, 5, 7, 6607
What are the prime factors of 213478?
2, 106739
List the prime factors of 28484884.
2, 613, 11617
List the prime factors of 185501.
61, 3041
What are the prime factors of 111612?
